[INFO] cloning repository https://github.com/PurpleMyst/zfz
[INFO] running `Command { std: "git" "-c" "credential.helper=" "-c" "credential.helper=/workspace/cargo-home/bin/git-credential-null" "clone" "--bare" "https://github.com/PurpleMyst/zfz" "/workspace/cache/git-repos/https%3A%2F%2Fgithub.com%2FPurpleMyst%2Fzfz", kill_on_drop: false }`
[INFO] [stderr] Cloning into bare repository '/workspace/cache/git-repos/https%3A%2F%2Fgithub.com%2FPurpleMyst%2Fzfz'...
[INFO] running `Command { std: "git" "rev-parse" "HEAD", kill_on_drop: false }`
[INFO] [stdout] 5f0e7ef377f1e900e37d2389f650193a7a73b302
[INFO] checking PurpleMyst/zfz against master#af3c6e733a40e671550e0f0f5aeecaa13772ba56 for pr-74989
[INFO] running `Command { std: "git" "clone" "/workspace/cache/git-repos/https%3A%2F%2Fgithub.com%2FPurpleMyst%2Fzfz" "/workspace/builds/worker-0/source", kill_on_drop: false }`
[INFO] [stderr] Cloning into '/workspace/builds/worker-0/source'...
[INFO] [stderr] done.
[INFO] validating manifest of git repo https://github.com/PurpleMyst/zfz on toolchain af3c6e733a40e671550e0f0f5aeecaa13772ba56
[INFO] running `Command { std: "/workspace/cargo-home/bin/cargo" "+af3c6e733a40e671550e0f0f5aeecaa13772ba56" "read-manifest" "--manifest-path" "Cargo.toml", kill_on_drop: false }`
[INFO] started tweaking git repo https://github.com/PurpleMyst/zfz
[INFO] finished tweaking git repo https://github.com/PurpleMyst/zfz
[INFO] tweaked toml for git repo https://github.com/PurpleMyst/zfz written to /workspace/builds/worker-0/source/Cargo.toml
[INFO] crate git repo https://github.com/PurpleMyst/zfz already has a lockfile, it will not be regenerated
[INFO] running `Command { std: "/workspace/cargo-home/bin/cargo" "+af3c6e733a40e671550e0f0f5aeecaa13772ba56" "fetch" "--locked" "--manifest-path" "Cargo.toml", kill_on_drop: false }`
[INFO] running `Command { std: "docker" "create" "-v" "/var/lib/crater-agent-workspace/builds/worker-0/target:/opt/rustwide/target:rw,Z" "-v" "/var/lib/crater-agent-workspace/builds/worker-0/source:/opt/rustwide/workdir:ro,Z" "-v" "/var/lib/crater-agent-workspace/cargo-home:/opt/rustwide/cargo-home:ro,Z" "-v" "/var/lib/crater-agent-workspace/rustup-home:/opt/rustwide/rustup-home:ro,Z" "-e" "SOURCE_DIR=/opt/rustwide/workdir" "-e" "CARGO_TARGET_DIR=/opt/rustwide/target" "-e" "CARGO_HOME=/opt/rustwide/cargo-home" "-e" "RUSTUP_HOME=/opt/rustwide/rustup-home" "-w" "/opt/rustwide/workdir" "-m" "1610612736" "--user" "0:0" "--network" "none" "rustops/crates-build-env@sha256:d92eaeed33fa75130ca1ee6c8a01d1ffb62bac859dfdfb3450e3e5d1c0146529" "/opt/rustwide/cargo-home/bin/cargo" "+af3c6e733a40e671550e0f0f5aeecaa13772ba56" "metadata" "--no-deps" "--format-version=1", kill_on_drop: false }`
[INFO] [stdout] 887109accdf5fc2e8564292cb28130e846a4fe7cabeaf9106d67ce3df638c5d4
[INFO] [stderr] WARNING: Your kernel does not support swap limit capabilities or the cgroup is not mounted. Memory limited without swap.
[INFO] running `Command { std: "docker" "start" "-a" "887109accdf5fc2e8564292cb28130e846a4fe7cabeaf9106d67ce3df638c5d4", kill_on_drop: false }`
[INFO] running `Command { std: "docker" "inspect" "887109accdf5fc2e8564292cb28130e846a4fe7cabeaf9106d67ce3df638c5d4", kill_on_drop: false }`
[INFO] running `Command { std: "docker" "rm" "-f" "887109accdf5fc2e8564292cb28130e846a4fe7cabeaf9106d67ce3df638c5d4", kill_on_drop: false }`
[INFO] [stdout] 887109accdf5fc2e8564292cb28130e846a4fe7cabeaf9106d67ce3df638c5d4
[INFO] running `Command { std: "docker" "create" "-v" "/var/lib/crater-agent-workspace/builds/worker-0/target:/opt/rustwide/target:rw,Z" "-v" "/var/lib/crater-agent-workspace/builds/worker-0/source:/opt/rustwide/workdir:ro,Z" "-v" "/var/lib/crater-agent-workspace/cargo-home:/opt/rustwide/cargo-home:ro,Z" "-v" "/var/lib/crater-agent-workspace/rustup-home:/opt/rustwide/rustup-home:ro,Z" "-e" "SOURCE_DIR=/opt/rustwide/workdir" "-e" "CARGO_TARGET_DIR=/opt/rustwide/target" "-e" "CARGO_INCREMENTAL=0" "-e" "RUST_BACKTRACE=full" "-e" "RUSTFLAGS=--cap-lints=forbid" "-e" "CARGO_HOME=/opt/rustwide/cargo-home" "-e" "RUSTUP_HOME=/opt/rustwide/rustup-home" "-w" "/opt/rustwide/workdir" "-m" "1610612736" "--user" "0:0" "--network" "none" "rustops/crates-build-env@sha256:d92eaeed33fa75130ca1ee6c8a01d1ffb62bac859dfdfb3450e3e5d1c0146529" "/opt/rustwide/cargo-home/bin/cargo" "+af3c6e733a40e671550e0f0f5aeecaa13772ba56" "check" "--frozen" "--all" "--all-targets" "--message-format=json", kill_on_drop: false }`
[INFO] [stdout] 63b0d6d02a364fc227e15c459cd052907560e56fe1eed76e27148d779a5ae026
[INFO] [stderr] WARNING: Your kernel does not support swap limit capabilities or the cgroup is not mounted. Memory limited without swap.
[INFO] running `Command { std: "docker" "start" "-a" "63b0d6d02a364fc227e15c459cd052907560e56fe1eed76e27148d779a5ae026", kill_on_drop: false }`
[INFO] [stderr]     Checking libc v0.2.65
[INFO] [stderr]     Checking zfz v0.1.0 (/opt/rustwide/workdir)
[INFO] [stdout] error[E0053]: method `drop` has an incompatible type for trait
[INFO] [stdout]    --> src/console.rs:264:5
[INFO] [stdout]     |
[INFO] [stdout] 264 |     fn drop(&self) {
[INFO] [stdout]     |     ^^^^^^^^^^^^^^ types differ in mutability
[INFO] [stdout]     |
[INFO] [stdout]     = note: expected fn pointer `fn(&mut Console)`
[INFO] [stdout]                found fn pointer `fn(&Console)`
[INFO] [stdout] 
[INFO] [stdout] 
[INFO] [stdout] error[E0053]: method `drop` has an incompatible type for trait
[INFO] [stdout]    --> src/console.rs:264:5
[INFO] [stdout]     |
[INFO] [stdout] 264 |     fn drop(&self) {
[INFO] [stdout]     |     ^^^^^^^^^^^^^^ types differ in mutability
[INFO] [stdout]     |
[INFO] [stdout]     = note: expected fn pointer `fn(&mut Console)`
[INFO] [stdout]                found fn pointer `fn(&Console)`
[INFO] [stdout] 
[INFO] [stdout] 
[INFO] [stdout] error[E0609]: no field `termios` on type `&Console`
[INFO] [stdout]    --> src/console.rs:265:32
[INFO] [stdout]     |
[INFO] [stdout] 265 |         Self::set_termios(self.termios).expect("Could not restore termios")
[INFO] [stdout]     |                                ^^^^^^^ unknown field
[INFO] [stdout]     |
[INFO] [stdout]     = note: available fields are: `prev_termios`
[INFO] [stdout] 
[INFO] [stdout] 
[INFO] [stdout] error: aborting due to 2 previous errors
[INFO] [stdout] 
[INFO] [stdout] 
[INFO] [stdout] Some errors have detailed explanations: E0053, E0609.
[INFO] [stdout] 
[INFO] [stdout] For more information about an error, try `rustc --explain E0053`.
[INFO] [stdout] 
[INFO] [stdout] error[E0609]: no field `termios` on type `&Console`
[INFO] [stdout]    --> src/console.rs:265:32
[INFO] [stdout]     |
[INFO] [stdout] 265 |         Self::set_termios(self.termios).expect("Could not restore termios")
[INFO] [stdout]     |                                ^^^^^^^ unknown field
[INFO] [stdout]     |
[INFO] [stdout]     = note: available fields are: `prev_termios`
[INFO] [stdout] 
[INFO] [stdout] 
[INFO] [stderr] error: could not compile `zfz`.
[INFO] [stderr] 
[INFO] [stderr] To learn more, run the command again with --verbose.
[INFO] [stderr] warning: build failed, waiting for other jobs to finish...
[INFO] [stdout] error: aborting due to 2 previous errors
[INFO] [stdout] 
[INFO] [stdout] 
[INFO] [stdout] Some errors have detailed explanations: E0053, E0609.
[INFO] [stdout] 
[INFO] [stdout] For more information about an error, try `rustc --explain E0053`.
[INFO] [stdout] 
[INFO] [stderr] error: build failed
[INFO] running `Command { std: "docker" "inspect" "63b0d6d02a364fc227e15c459cd052907560e56fe1eed76e27148d779a5ae026", kill_on_drop: false }`
[INFO] running `Command { std: "docker" "rm" "-f" "63b0d6d02a364fc227e15c459cd052907560e56fe1eed76e27148d779a5ae026", kill_on_drop: false }`
[INFO] [stdout] 63b0d6d02a364fc227e15c459cd052907560e56fe1eed76e27148d779a5ae026
